 of p?
4
Let w(c) be the third derivative of c**4/12 - 35*c**3/6 + 23*c**2. Let m be w(19). Suppose -v - 2*v + m*i = -126, -4*i = -v + 51. What is the tens digit of v?
3
Let j be (-77)/(-2) - (5 - 90/20). Suppose -j*z + 1216 = -37*z. What is the thousands digit of z?
1
Suppose 4*v - 1404 = -2*f, -5*v = 2*f - 1290 - 119. What is the tens digit of f?
9
Let r(h) = -6*h - 69. Let d be r(-14). Suppose 2*s = -d*s + 4522. What is the units digit of s?
6
Suppose 29*r = -5*r. What is the hundreds digit of 358 + r - (1 + -8)?
3
Let i(y) = -12*y - 53. Let w be i(-8). Suppose -1 + w = 3*z. Suppose -14*h = z - 2198. What is the hundreds digit of h?
1
Let s(j) = -j**2 - 12*j + 16. Let i be s(-13). Suppose z + 8 = i*z. Suppose l - 27 = 3*o, -5*l - o + 99 = -z*o. What is the units digit of l?
8
Suppose 4*p - 1322 = 4*a + 9194, -2613 = -p + 5*a. What is the tens digit of p?
3
Suppose -1 = -2*y - 11, -5*d = -y - 550. Suppose -d*r + 5508 = -105*r. Suppose 10*v - r = 733. What is the units digit of v?
1
What is the ten thousands digit of 21/56 + 681387/56?
1
Suppose 0 = 15*n - 11*n + 796. Let w = n - -229. What is the units digit of w?
0
Suppose 7*y - 21416166 = -269*y + 7*y. What is the thousands digit of y?
9
Suppose -b = -3*z - 56, -3*b - 62 = 4*z + 2*b. Let c(y) = y**2 + 19*y + 17. Let k be c(z). What is the tens digit of (6/(-2) + 16)/(k/(-5))?
6
Let h(g) = -9*g - 1. Let y be h(2). Let o = y - -24. Suppose 6*z - 52 = o*z. What is the units digit of z?
2
Let z = 320 - 315. Suppose o = r - 71 + 277, 0 = -4*o + z*r + 822. What is the tens digit of o?
0
Let h = 1357 - 261. Suppose 2*x = 5*o + 748, -3*x - o + 2*o + h = 0. What is the units digit of x?
4
Suppose -432*d + 32 = -428*d. Suppose -4*g = -2*p - d*g + 1432, 4*p - 2874 = -3*g. What is the hundreds digit of p?
7
Suppose -5*n = -3*s + 32, 7 - 15 = 3*n + s. What is the units digit of 805*(n + 3 + 0)/(-1)?
5
Suppose 0 = 3*x + 12, 398767 = 6*k - 3*x + 150223. What is the hundreds digit of k?
4
Suppose -3*h = -3*q + 897, -h - 3*h = 4*q - 1180. What is the hundreds digit of 1 + 2 + q + -1?
2
Let f(o) = o**2 - 8*o + 16. Let k be f(4). Suppose -3*m + k*m = -m. Suppose 3*v = 9, -3*d + m*v + 243 = -5*v. What is the units digit of d?
6
Suppose -64*y - 102570 + 229266 = -317272. What is the units digit of y?
7
Let t(c) = -c**3 - 3*c**2 + 5*c - 10. Let d be (24/(-2))/4 + 4/(-2). Let b be t(d). Suppose 10*p = b*p - 430. What is the tens digit of p?
8
Suppose -7*x + 7 = -0*x. Let o be 7 + (x - 5) + 22. Suppose 27*c = o*c + 50. What is the units digit of c?
5
Let n(y) = -y**3 + 5*y**2 + 15*y - 7. Let d be n(7). Let z = -4 - d. What is the units digit of (26 + -3 - -5)*(-1)/z?
7
Suppose 18*c - 20*c + 46 = 0. Let y be ((-13)/3)/((-1)/15). Let d = y + c. What is the units digit of d?
8
Let c(x) = 924*x - 450. What is the thousands digit of c(10)?
8
Suppose -5*r - 17438 = -7*r - 4*s, -3*s - 9 = 0. What is the tens digit of r?
2
Suppose -53 = -7*q - 95. What is the units digit of -4 - 4/q*33774/52?
9
Suppose 12 = 4*h, -4705*u = -4704*u - h - 44291. What is the ten thousands digit of u?
4
What is the hundreds digit of 3879*(((-920)/(-35))/8 + (-16)/56)?
6
Let z = -7882 - -8581. What is the hundreds digit of z?
6
Let s(r) = -4454*r + 14643. What is the tens digit of s(-10)?
8
Let b(a) = a**2 + a - 5. Let d = -16 - -20. Suppose d*l + 2*k - 30 = 0, -4*k + 33 - 13 = 0. What is the tens digit of b(l)?
2
Let w(g) = 13*g**3 - 5*g**2 - 8*g + 9. Let m = 93 + -89. What is the hundreds digit of w(m)?
7
Let n(t) = 31*t + 2. Suppose 3*b + 6 = -3*y - 9, 4*b - 5*y + 56 = 0. Let z = b - -11. What is the tens digit of n(z)?
6
Suppose 0 = -3*z + 5*u + 32470, 3*z - 4*u - 9958 = 22504. What is the tens digit of z?
1
Suppose -12246 = 19*d - 21*d. What is the units digit of d?
3
What is the ten thousands digit of (4/6)/(763779/63648 - 9 - 3)?
1
Let i = -3814 + 5106. What is the units digit of i?
2
Let q(n) = n**3 + n - 1. Let a(u) = -7*u**2 - 5*u - 11. Let j(k) = a(k) + q(k). Suppose 3*m = t + 23, 8 - 32 = -4*m + 3*t. What is the tens digit of j(m)?
1
Let s(l) = -309*l + 1326. What is the units digit of s(-12)?
4
Let z be ((-4)/14 - 648/(-210))*5. Suppose z*i - 10*i - 1548 = 0. What is the units digit of i?
7
Suppose p = -4*d + 12, 22 = d - 8*p + 13*p. What is the units digit of (7 - d)*11496/40?
7
Suppose 25*c + 64 = 29*c. Let g be (-4)/(c/(-333)) - (-1)/(-4). Suppose 63 = i - g. What is the tens digit of i?
4
Let o(g) = 2*g + 2 - 10 - 3*g - g. Let l be o(-4). Suppose 3*c + m - 31 = -l*m, 4*m = 4. What is the tens digit of c?
1
Suppose 5*p = y, p + 17 = 3*y + 3. Let g be ((-72)/15)/((-1)/y). Suppose 0 = -20*t + g*t - 392. What is the units digit of t?
8
Let z(y) = -4*y**2 + 28*y - 14. Let n be z(6). Let w(l) = -10 + 9*l**2 - l**3 - 4 + 4 + 13*l. What is the units digit of w(n)?
0
Let r(b) = -b**3 + 7*b**2 + 15*b - 2. Let x be r(7). Suppose 3*n = p - x, -3*p + 2 = -1. Let v = n + 73. What is the tens digit of v?
3
Let d = -163 - -375. Let o = d - 83. What is the units digit of o?
9
Let u(n) = -846*n + 5195. What is the tens digit of u(-60)?
5
Suppose -h - 73 = -5*c, -3*h + 79 = 5*c - h. Suppose 20 = c*f - 11*f. Suppose f*n - 3*n + 596 = 4*u, 0 = -n. What is the units digit of u?
9
Suppose -4*y + 2*h + 45446 = 0, 2*h + 5*h = 7. What is the units digit of y?
2
Let o = -1008 - -3066. Let g = o + -1021. What is the thousands digit of g?
1
Let h be ((-8)/(-6))/(5/3315). Suppose 283*i + h = 284*i. What is the units digit of i?
4
Let f(d) = -d**3 + 11*d**2 - 29*d + 2. Let o be f(5). Suppose -3*w = 2*b - o*b - 126, -4*w - b = -145. What is the tens digit of w?
3
Let d be (4 - (-40)/(-12))/(3/(-648)). Let i = d + 237. Let q = 160 - i. What is the tens digit of q?
6
Suppose 4 = 4*n, 3*w = 4*n + 1952 - 492. Let g = w + -44. What is the hundreds digit of g?
4
Suppose -30*w - 170 = 5*b - 25*w, 4*b - 3*w = -164. What is the hundreds digit of -3 - (7*b - 2)?
2
Suppose 451*s - 473*s = -147620. What is the tens digit of s?
1
Let f(j) = j**3 + 4*j**2 - 19*j + 5. Let d be f(-8). Suppose 0 = -2*c + 2*q + 578, 1070 + 360 = 5*c - 2*q. Let s = c + d. What is the tens digit of s?
8
Suppose 934 = 3*w - 1011 - 551. What is the tens digit of w?
3
Suppose -14 = -7*n - 28. What is the hundreds digit of (-6 - n) + 783 + -19?
7
Let i = 1996 - 716. What is the units digit of i?
0
Let b(g) = -3*g - 4. Let y be b(0). Suppose -3*d + d = -2*p - 14, 0 = d + 3*p + 9. What is the units digit of 266/y*d*4/(-6)?
3
Let s = 250 - 120. Let y = s + 123. Let w = y - 142. What is the units digit of w?
1
Let d(g) = 3*g**2 - g - 14. Let c(b) = b**2 + 3*b + 4. Let x be c(-2). Suppose -4*v + 22 = x*f, 3*v + 3*f - 11 = 7. What is the tens digit of d(v)?
5
Suppose 0 = -3*o + 5*j + 5 - 0, 0 = 4*o + 5*j - 30. Suppose o*z = -4*y + 174, 0*y - y - 33 = -z. Suppose 33*p - z*p = -7. What is the units digit of p?
7
Let z = 10578 - 7397. What is the hundreds digit of z?
1
Let n = -3470 - -6075. What is the thousands digit of n?
2
Suppose -19*p + 24*p - 30 = 0. Let o(t) = -8*t + 1. Let y(c) = -8*c. Let l(s) = 2*o(s) - 3*y(s). What is the units digit of l(p)?
0
Let x(q) = -609*q - 194. Let n be x(-5). Suppose n = 2*b + z, 5*b - 4*z = -3*z + 7138. What is the hundreds digit of b?
4
Let b(z) = -z**3 + 10*z**2 - 9*z + 16. Suppose -7*s = -4*s - 21. Let v be b(s). Let q = -4 + v. What is the units digit of q?
6
Let u(z) = 67*z**2 - 6*z + 2. Suppose -3*m = -r + 5, 2*r - 3*m - m = 8. What is the tens digit of u(r)?
5
What is the units digit of (-2)/4 - (7 + 851973/(-62))?
4
Let v(l) be the first derivative of l**4/4 + 20*l**3/3 + 7*l**2/2 - 23*l + 22. What is the hundreds digit of v(-19)?
2
Let c = 345 + 35. Suppose 0 = -4*y + 5*s - 10*s + c, 4*y + s - 380 = 0. What is the units digit of y?
5
Suppose 1 = -4*t + 13. Suppose 0 = -x + 2*o + 27, -3*x - t*o = -5*o - 77. Suppose -28*c + x*c + 207 = 0. What is the units digit of c?
9
Suppose -3*m = -3*p, 2*m - 5*p + 18 = 3*m. Suppose -m*s - 6*s = -6507. What is the tens digit of s?
2
Let x(n) = n**3 - 11*n**2 - 34*n - 76. Let h be x(16). Let o = 1360 - h. What is the tens digit of o?
0
Let r = 43129 + -26681. What is the units digit of r?
8
Suppose 0 = 71*g - 74*g - 27. Let f be g/(-3) + -4 + 3. Suppose 16 = 3*o - 3*j - 17, 0 = o + f*j - 26. What is the tens digit of o?
